 k(h) be the second derivative of h**4/6 + 7*h**3/3 - 43*h**2/2 - 1948*h. Give k(-10).
17
Let h(v) = -v**3 + 12*v**2 - 23*v + 18. Let t be (9 + 5 + -15)/((2/(-20))/1). Determine h(t).
-12
Let u(i) = 4*i**2 + i + 15. Let h(y) be the third derivative of y**5/20 + y**4/12 + 2*y**3 + 38*y**2. Let d(c) = 3*h(c) - 2*u(c). Give d(-4).
6
Suppose -8*i = 10 + 78. Let v(j) be the third derivative of 0*j - 6*j**2 + 0 + 7/6*j**3 + 1/24*j**4. Give v(i).
-4
Let w(n) = -12*n + 13. Let x be (-2 - (-1)/(18/12)) + (-20)/(-6). What is w(x)?
-11
Let r(b) be the first derivative of -b**3/3 - 3*b**2/2 + 6*b + 27. Let j = -908 + 903. Give r(j).
-4
Let l(t) = 2*t + 1. Suppose 25 = 2*s - s. Suppose -4*h + 32 = 4*f, -7*f + 2*f + s = 2*h. Suppose 0 = 5*w - d - 2*d + 30, -h = -d. Give l(w).
-5
Let d(g) be the first derivative of g**7/840 - g**6/72 - g**4/8 + 55*g**3/3 + 8. Let i(o) be the third derivative of d(o). Determine i(5).
-3
Let l(y) = y**3 + 7*y**2 + 10*y - 7. Suppose 30 = 5*t, -414*t = 3*r - 418*t + 33. Determine l(r).
-1
Let n(f) = -f**3 - 2*f**2 - 4*f + 6. Let p be (74/14 - (-220)/(-44)) + 360/210. Calculate n(p).
-18
Let s(z) = -6827*z**2 + 7 - 12*z + 27 - 5 + 6828*z**2. What is s(12)?
29
Let u(c) = c**2 - 22*c - 6. Suppose 5230*z - 5211*z = 418. What is u(z)?
-6
Let s be ((-228)/(-95))/(8/10). Let k(a) = -2*a + a**s + 7*a**2 - 21 + 35 + 9*a - 15. What is k(-5)?
14
Suppose -s - s = -3*d + 22, -d + 14 = s. Suppose 0 = -2*r + 4*u - 8, -4*r + 14 = -2*u - 0*u. Let q(k) = -500*k + k**2 + 978*k - 487*k - r. What is q(d)?
4
Let c = -1776 - -1778. Let i(z) be the third derivative of z**6/60 - z**5/60 + z**4/6 - z**3/2 + 2*z**2. What is i(c)?
17
Let x(f) = -2*f**2 + 7*f + 18. Let b(g) = -g**2 - 562*g + 2828. Let j be b(5). What is x(j)?
-129
Let p be ((-115)/69)/(1/(-3)). Suppose 5*i + p*u = -27 + 47, -u - 20 = -2*i. Let d(v) = -v - 6. Calculate d(i).
-14
Let a(s) = -4*s + 7. Let j(t) = 5*t - 6. Let w(c) = 6*a(c) + 5*j(c). Let q(l) = 2*l**2 - 6*l + 4. Let m be q(2). Let g be 2/4*m/1. Calculate w(g).
12
Let h(a) = -9*a**2 - 4*a - 1. Let w(v) = -5*v**2 - 3*v. Let s(b) = 3*h(b) - 5*w(b). Let i = -29 + 33. Calculate s(i).
-23
Let v(p) be the first derivative of p**4/4 - 2*p**3 + 5*p**2/2 + 3*p - 1359. Let j be 2 - 2/(2/(-13)). Suppose -g + j = 2*g. Calculate v(g).
3
Let m(f) = -3*f**2 + 15*f + 25. Let s(k) = -167*k**2 - 7*k + 7 + 1 + 12*k + 166*k**2. Let r(l) = -2*m(l) + 7*s(l). Let a = -3 - -9. Calculate r(a).
0
Let n(t) be the third derivative of -7*t**5/60 + 61*t**4/24 - 20*t**3/3 - 42*t**2 + 15*t - 2. Give n(8).
0
Let b(d) = 14*d - 5. Let k(w) = -81*w + 25. Let c(i) = -22*b(i) - 4*k(i). Determine c(0).
10
Let s(y) = -2*y**2 + 10*y + 3*y + 29 - 38 - 3. Calculate s(8).
-36
Let p(l) = l**3 - 4*l**2 + 9*l - 6. Suppose 0 = -216*w + 229*w - 39. Give p(w).
12
Let t(d) = d**3 - 2*d**2 - 13*d - 12. Let j(r) = -3*r**2 + 52*r - 174. Let g be j(13). Determine t(g).
-122
Let i be (20/6)/((-220)/(-330)). Let k(q) = 36*q**2 - 15*q**2 + 7*q - 23*q**2 + 0 - 2. Determine k(i).
-17
Suppose 8*s - 110 = 426. Let p(x) = 5*x**2 - 9*x**2 - 66*x**3 + 3*x + s*x**3. Let i(v) = 2*v**2 - v + 1. Let h be i(1). Calculate p(h).
-2
Suppose 0 = -22*o + 30*o - 32. Let y(v) = v**2 - 3*v - 5. Determine y(o).
-1
Let q(u) = -11*u - 4. Suppose -32*y + 30*y = -6, 5*x - 5 = -5*y. Give q(x).
18
Let o(i) = i**2 - 4*i + 3. Let v be (58/(-29))/((-1)/7). Suppose -3*p + 8 = 4*n - v, p = 3*n + 3. Determine o(p).
15
Let f(p) = -2*p - p - 4 + 2*p. Let t be (1 - 22/2)*-1. Suppose x - t = -3*n - x, -5*x = -n - 25. Determine f(n).
-4
Let l(x) = -3*x**2 + 3*x + 1. Let c = 627 - 633. Let v be (-1)/c*-3 + (-15)/10. Give l(v).
-17
Let f(x) = -31*x - 7. Let g(b) = 17*b + 4. Let r(c) = 6*f(c) + 11*g(c). Let w be (-5)/((-5)/(-7)) + -2. Calculate r(w).
-7
Let p(l) = -l**3 - 3*l**2 + 4*l + 1. Let a be p(-4). Let c be (-3)/(-24) - 28/224. Let v(s) = 5 + c + 0 - a + s. Give v(-8).
-4
Suppose 130 = -8*j + 13*j. Suppose 0 = 3*h + j - 14. Let c(b) = 0*b**3 + b**3 + 6*b + 5*b**2 + 3 + 0*b**2. What is c(h)?
-5
Let p(m) = 19*m**3 - 2*m + 1. Let f = 9586 + -9585. Give p(f).
18
Let f(h) = -6*h - 4. Let c(l) = 9*l + 21. Let w(t) = 11*t + 23. Let y(m) = 5*c(m) - 4*w(m). Let g be y(-10). Determine f(g).
-22
Let h be -4 - (676/(-28) + 3/21). Let y = -16 + h. Let f(r) = 2*r + 7 - 3 - 4*r. Give f(y).
-4
Let o(q) be the third derivative of -1/3*q**3 - 2 + 1/12*q**4 + 1/60*q**5 - 20*q**2 + 0*q. What is o(1)?
1
Suppose 3*q = 5*o + 4, 5*q - 5*o - 2 = q. Let m(r) be the second derivative of -r**4/4 - r**2 - 2*r + 75. What is m(q)?
-14
Let b(y) = 3*y**3 - 25*y**2 - 31*y - 33. Let o(i) = 4*i**3 - 26*i**2 - 35*i - 34. Let v(g) = -3*b(g) + 2*o(g). Calculate v(24).
7
Let n(o) = 19*o - 99. Let x = 813 - 808. What is n(x)?
-4
Let k(i) = 2*i**2 - i. Suppose -4*z + p + 0*p + 382 = 0, 5*p - 10 = 0. Let x be (-2 + z/18)*6/5. Suppose -5*n + 2*d + 1 = 0, x*n + 17 - 4 = -3*d. Give k(n).
3
Let o be ((-840)/48)/((-70)/56). Let h(r) = -8*r + 147. Determine h(o).
35
Suppose 0 = -6*r + 2*r. Let u = -7 + r. Let m(f) = -484*f + 396*f + 3 + 89*f. Give m(u).
-4
Let r(g) be the second derivative of g**5/20 + 7*g**4/12 - 3*g**3/2 - g**2 + 3*g + 6. Let d(j) = -j + 2. Let b be d(10). What is r(b)?
6
Let w(s) be the first derivative of s**4/4 - 3*s**3 + 5*s**2 + 10*s + 30. Let x(q) = -q**2 - 145*q + 8. Let y be x(0). Determine w(y).
26
Suppose -9*t + 96 = -120. Let j be 0 + t/20 + (-12)/(-15). Let y(i) = -5*i + 2. What is y(j)?
-8
Let w(v) = -1138*v**2 - 1140*v**2 - 5 - 19*v - 1133*v**2 + 3418*v**2. Calculate w(4).
31
Let a(c) = -c**3 - 4*c**2 + 2*c + 9. Let o = 776 + -779. What is a(o)?
-6
Let r(q) be the first derivative of -5*q**3/3 + q**2 + q - 1922. Determine r(-3).
-50
Suppose 3*n + 3*a = -6, 0 = n - 5*a + 5 - 3. Let z(q) = 56*q + 125. Give z(n).
13
Let k = -72 - -127. Let p = -56 + k. Let c(o) = -o - o - 3*o. Determine c(p).
5
Suppose 0 = -5*v - 5*w + 8 + 7, v - w = -3. Suppose 5*h = 2*t - 94, 2*t - 2*h - 33 - 73 = v. Let g = t + -49. Let u(y) = y - 10. What is u(g)?
-2
Let p(a) = -5*a - 69. Let r(m) = m**2 - 315*m + 6704. Let d be r(23). Give p(d).
-9
Let s be (6/18*-3)/1. Let u(c) = -2*c**3 + 4*c + 5. Let n be u(s). Let h(w) = -w + 4. Calculate h(n).
1
Let o(l) = -3*l**2 - l. Let f = -83 - -80. Let s be f + (-4)/10 + (-88)/(-20). Give o(s).
-4
Let f(b) = -b**2 - 9*b - 7. Let r be (3 + (-5)/2)*0/(-43). What is f(r)?
-7
Let b(f) = -11*f**2 - f**3 - 15 + 3*f - 3*f**2 + 11*f - 6. Let o = -1274 - -1259. What is b(o)?
-6
Let l(j) = j + 7. Let s(y) = -1. Let c(g) = -l(g) - 5*s(g). Suppose 54 = -3*v + 6*v + 4*k, 0 = v - 4*k - 18. Suppose -v*z + 4 = -19*z. What is c(z)?
2
Let g(x) = -x**3 + 5*x**2 - 2*x - 4. Let i = -14 - -19. Let p(u) = 6*u - 25. Let b be p(i). Suppose 9*f - 10*f = -b. What is g(f)?
-14
Let l be -2 - (3 + -2)*-3. Let a(r) = -707 + 11*r + 708 - 10*r. Give a(l).
2
Let q(g) be the first derivative of -1/120*g**5 + 0*g**2 + 0*g + 2/3*g**3 + 40 - 1/3*g**4. Let s(n) be the third derivative of q(n). Give s(-7).
-1
Let x(w) = -6*w + 82. Let q = -2035 + 2049. What is x(q)?
-2
Let u = 853 + -1268. Let v = u + 416. Let t(d) = 19*d - 1. Give t(v).
18
Let k(v) = -93 - v + 104 + 6*v - 7*v + 7*v. What is k(-8)?
-29
Let x(k) = -2*k**2 - 5*k + 10. Let c be 2*(3 - 88/30) - (-2666)/(-645). Calculate x(c).
-2
Let r(p) = -p**3 - 5*p**2 + 15*p + 26. Let g be -6 - (112/35 + -3 - 1/5). Give r(g).
-28
Let q be (-16)/(-56)*(-2 - 5). Suppose -4*o - 4*l + 101 = 1, 6 = 2*l. Let j(z) = 3*z + 6*z - o*z + 9*z. Calculate j(q).
8
Let x(a) = a**3 - 6*a**2 + 2*a. Let u be 5*((5 - 7) + (-22)/(-10)). Let m be (15/12)/(u/4). What is x(m)?
-15
Let r(o) = 33*o**2 - 4*o + 7. Let p(z) = -64*z**2 + 6*z - 14. Let n(d) = 4*p(d) + 7*r(d). Determine n(-2).
-99
Let l(i) = -i - 9. Suppose 283*m - 440*m = -314. What is l(m)?
-11
Let n be 6*(0 + 0 + 1). Let h(l) be the third derivative of -l**5/60 + l**4/3 + l**3/3 + 2*l**2 - 6764. What is h(n)?
14
Let f(q) be the third derivative of -q**5/60 - 17*q**4/24 - q**3/3 + 465*q**2 + 1. Give f(-20).
-62
Let c(m) = m + 2. Let w(n) = -n**2 + 15*n - 12. Let t be w(14). Suppose 0 = -t*i + 9*i + 7. Give c(i).
1
Let x(w) be the second derivative of 3/20*w**5 - 1/6*w**4 + w + 37 - 1/6*w**3 - w**2. Determine x(2).
12
Let z(c) = 8*c**2 - c. Suppose -8 - 69 = -77*l. Calcul